v be c(0). Let s = v + 6. What is the units digit of s?
6
Let w = 13 - 9. Let p be -3 - (-3 - 0/(-4)). Let s = w + p. What is the units digit of s?
4
Let t = -4 - -2. What is the tens digit of (-5)/((-3)/(-24)*t)?
2
Let w(n) = -2*n - 8. Let u be w(-12). Suppose -5*s = -71 + u. What is the units digit of s?
1
Let r(p) = -3*p - 12. Let w be r(-8). Suppose 0 = 7*q - 4*q - w. Suppose n + 2 = q. What is the units digit of n?
2
Let o = 200 + -120. Suppose 5*d + o = 5*w, d = w + 5*d + 4. What is the units digit of w?
2
Let b = 12 + 10. What is the units digit of b?
2
What is the tens digit of (-284 + -7)*4/(-6)?
9
Let s be 6 + (4 - (3 + 5)). What is the units digit of 1 - -22 - 8/s?
9
Let w = 38 + -61. Let o = w - -34. What is the tens digit of o?
1
Let o = -141 + 292. What is the units digit of o?
1
Let t(j) = j**2 - 8*j - 2. Let z be t(9). Let r be 4/14 + 26/z. Suppose -q + 6 = r. What is the units digit of q?
2
Let w = 6 + -1. Suppose -2 = -3*z - w*d, -4*z + 4*d + 47 = -z. Suppose -3*m = -z, 15 = 3*s - 6*m + 2*m. What is the units digit of s?
9
Suppose -4*w - 7*v + 2*v + 114 = 0, -5*v = 5*w - 140. What is the units digit of w?
6
Suppose 0 = 4*q + 2 - 14. Suppose 4*c - 47 = 9. Suppose q*r + 10 + 14 = h, h = r + c. What is the units digit of h?
9
Let m be (2 + -7)*(3 - 4). Suppose 2*h - 88 = -m*f, 72 = 2*h + 2*f - f. What is the units digit of h?
4
Let o(l) = l - 2 + l + 3*l - 5 + l**2. What is the units digit of o(-7)?
7
Suppose 5*a + 0*a = 10. Let u = a + 1. Suppose j = -u*b + 2, j + 14 = 5*b - 0*j. What is the units digit of b?
2
Let u = 45 + 25. Suppose -u = -7*b + 2*b. What is the tens digit of b?
1
Suppose -j - 2*j + 5*y = -86, -4*j + 92 = -y. What is the tens digit of j?
2
Let o = 0 - -1. Let p = 4 + o. Let t(v) = v**2 - 5*v + 6. What is the units digit of t(p)?
6
Let n(r) be the first derivative of r**5/60 - 11*r**4/24 - 19*r**3/6 - r**2 + 2. Let z(u) be the second derivative of n(u). What is the units digit of z(13)?
7
Let q = 10 - 7. Suppose 0*r - r - 3*f = 11, 4*f = -20. Suppose -x + r*x - q = 0. What is the units digit of x?
1
Let w(q) = q**2 - 4. Let a be w(-3). Suppose a*m - 3*m - 28 = -3*o, -3*o - 49 = -5*m. What is the tens digit of m?
1
Let n(g) = g**3 + 6*g**2 + 2*g + 4. What is the tens digit of n(-3)?
2
What is the hundreds digit of (-6)/((-476)/232 - -2)?
1
Let h(k) = 2*k. Let f be h(12). Suppose 3*r + f = 3*l, 3*l - 14 = -r + 2*r. What is the units digit of l?
3
Let j be (2 + 7 - 2)*2. Suppose 0 = 3*i + 5*c - 11, 2*i + 3*c - 6*c = 1. Let g = j - i. What is the tens digit of g?
1
Let s(g) = -g - 7. Let i be s(-7). Suppose -5*n + 10 = 35, -4*u - 5*n - 5 = i. Suppose -l + 6 = -u*z, 5 + 7 = 2*l + 5*z. What is the units digit of l?
6
Let i(g) = 2*g + 1. Let n be i(7). Suppose u + 4 = n. What is the tens digit of u?
1
Let v be (0 - -8) + (2 - 4). Suppose -v*m - 55 = -11*m. What is the tens digit of m?
1
Let k(t) = t**3 - 6*t**2 - 2*t + 8. Suppose v = -3*s - 2, 0*s + s - 25 = -4*v. What is the units digit of k(v)?
3
Let d(f) = f**2 + 15*f. Let u(x) = -2*x**2 - 29*x. Let s(r) = 11*d(r) + 6*u(r). Let i be s(-4). Suppose -w = w - i. What is the tens digit of w?
1
Suppose -5*o + 743 = 213. What is the tens digit of o?
0
Suppose 2*l = 4*l - 48. Let b = 49 - l. What is the tens digit of b?
2
Let c(k) = 7*k**2 - k - 1. What is the tens digit of c(-2)?
2
Let y(s) be the second derivative of -s**5/20 - s**3/6 + 9*s**2/2 - 3*s. Let g = 3 - 3. What is the units digit of y(g)?
9
Suppose -7 = n + 16. Suppose -5*f + 19 = -m + 2*m, 4*f + 182 = 5*m. Let j = n + m. What is the units digit of j?
1
Let t = -8 - -19. Let o = t - 6. What is the units digit of o?
5
Let u = 22 + 4. What is the tens digit of u?
2
Suppose z - 2*s - 46 = 0, 4*s + 117 = 2*z + 5*s. What is the tens digit of z?
5
What is the tens digit of ((-885)/30)/((-1)/2)?
5
Suppose 0 = -0*h - h - 1, 0 = -4*d + h - 55. Let j be -1 - d - -1 - 2. Let b = j + -4. What is the units digit of b?
8
Suppose 0*c = -2*c - 12. Let h be 1/(-2)*(c - 14). What is the units digit of (18/(-12))/((-1)/h)?
5
Let u(r) = -76*r. Let x be u(-1). Suppose q - x = -3*q. What is the tens digit of q?
1
Let n(s) = -s**2 - s. Let y be n(-1). Let u be 22 + -1 + y + -1. Suppose 56 = 3*b + u. What is the units digit of b?
2
Let k(g) = g**3 - 7*g**2 + 3*g - 5. Let u be k(7). Suppose -h + u = -17. What is the tens digit of h?
3
Let m(i) = -i**2 - i**2 + 3 - 4 + 4*i**3 + 2*i. Let g be m(1). Suppose 2*y = g*k + 11 + 11, -y + 4*k + 16 = 0. What is the units digit of y?
8
Let v = 35 - -78. Suppose 0 = -5*b - 3*m + v, 0 = 6*b - 3*b + 4*m - 70. Suppose p - 6 = 2*o - 4*p, 2*o + 2*p - b = 0. What is the units digit of o?
7
Suppose y - 26 = -3*r, 3*r - 3*y - 2 = 4. Suppose 2*n - r = -1. What is the units digit of n?
3
Suppose -l - 30 = 4*u - 11, 2*l = 4*u + 22. What is the units digit of l?
1
Suppose 4*x + 100 = 4*m, 5*m + 2*x - 113 - 5 = 0. What is the tens digit of m?
2
Suppose u + 4 - 1 = 0. Let l = 5 + u. What is the units digit of l?
2
Let m be (26/(-5))/((-1)/5). Suppose q - 22 = -3*t, 5*t = -1 + m. Suppose 3*j + 1 - q = 0. What is the units digit of j?
2
Let i(m) = -7*m + 1. What is the units digit of i(-5)?
6
Suppose 142 = 3*v + 2*o - 6*o, -4*v + 196 = -2*o. What is the units digit of v?
0
Suppose 2*i - f - 53 = 0, -2*i - f - 4*f + 47 = 0. What is the units digit of i?
6
Suppose -y + 79 = -29. What is the units digit of y?
8
Suppose -2 - 10 = -2*o. Suppose 2*m + 96 = o*m. What is the tens digit of m?
2
Suppose p + 3*g - 2 = 0, 2*p + p + 10 = -5*g. Let w(d) = d**3 + 9*d**2 - 11*d - 6. What is the units digit of w(p)?
4
Let a(z) = -z**2 - 7*z - 3. Let t be a(-5). Suppose 159 - t = 4*u. What is the units digit of u?
8
Suppose -5*p + 99 = -2*p. What is the units digit of p?
3
Let i = -57 - -81. What is the units digit of i?
4
Suppose 4*b + 15 = 9*b. Suppose 0 = -b*n + 5 - 2. What is the units digit of n?
1
Suppose 0 = 2*v - 6*v + 372. What is the tens digit of v?
9
Let w(c) = 0*c**2 - 6*c + c**2 - 3 - 1. Let s be (-16)/(-2) + (0 - 1). What is the units digit of w(s)?
3
Let f = -20 + 29. What is the units digit of f?
9
Suppose 0 = -6*j + 11*j - 55. What is the tens digit of j?
1
Suppose 0 = 4*b + b. Suppose 2*g = t - 5, g - 4*g = b. What is the units digit of t?
5
Let c = 6 + -9. Let z(s) = -s**3 - 2*s**2 - s + 4. What is the units digit of z(c)?
6
Suppose -2*l + 5*l = 87. What is the units digit of l?
9
Let h = 3 + -1. Suppose 56 = 3*d + h*l, -7*l = 3*d - 2*l - 68. What is the units digit of d?
6
Suppose 6 = 3*r - 6*r. Let t(g) = -15*g - 1. Let n be t(r). Suppose -5 + n = 3*x. What is the units digit of x?
8
Let v be (-371)/(-77) + 2/11. Suppose -v*b - 30 = -2*x + x, 2*b + 90 = 3*x. What is the tens digit of x?
3
Suppose 0 = -2*l - 1 + 5. Suppose -l*t - 5 + 1 = 0. What is the units digit of 6/(-12) - 9/t?
4
Let g be -21 + -4*(-1)/4. Let p = 15 - g. What is the tens digit of p?
3
Let n = 124 + -40. What is the tens digit of n?
8
Let a(f) = f + f - 3*f - 2*f - 2 + 3*f**2. Let b(r) = -2*r**2 + 4*r + 3. Let x(n) = 3*a(n) + 4*b(n). What is the units digit of x(-7)?
6
Let p(w) be the third derivative of w**5/15 + w**4/8 + w**3/6 - 3*w**2. What is the units digit of p(-2)?
1
Suppose -2*o = -207 - 41. What is the tens digit of o?
2
Suppose -95*t + 88 = -94*t. What is the tens digit of t?
8
Let s = -3 + 8. Suppose s*m = 2*m. Suppose m = -2*p, -4*p - p = -4*h + 8. What is the units digit of h?
2
Let d(o) = -o**2 - 5*o - 4. Let w = -10 - -7. What is the units digit of d(w)?
2
Let h(w) = 31*w**2 - 8*w + 8. What is the tens digit of h(1)?
3
Let t(d) = -2*d + 7. Let x be t(5). What is the tens digit of -35*(x + (-4)/(-2))?
3
Let c(k) = k**3 - k**2 + 2. Let n be c(0). Suppose -2*z + j = -1, -j - 3*j + 29 = 3*z. Suppose 2*g + n = -d, -18 = d - 2*d + z*g. What is the units digit of d?
6
What is the units digit of (-6 - 25/3)/((-2)/18)?
9
Let k be (-30)/(-50) - 17/(-5). Let m be (1 - 6)/(1/(-1)). Suppose -k*n + 3*p - 7*p = -28, -23 = -m*n - p. What is the units digit of n?
4
What is the units digit of (-1 - -113) + 6/(-1 - 2)?
0
Suppose 3*d - 12 = -0. Suppose d*o + 5 = 13. Suppose -o*u - 14 = -4*u. What is the units digit of u?
7
Let q = -13 + 1. Let i(y) = -y - 12. Let m be i(q). Suppose 11 = 5*r + 4*g, m*r - 4*r + 5*g = -17. What is the unit